 - 5*g - 6. Let i be v(7). Let c be z(i). Calculate the greatest common divisor of 13 and c.
13
Suppose -2*c = 2*v - 258, 3*v - c - 151 = 224. What is the highest common factor of v and 14?
14
Let q = -461 + 701. Calculate the greatest common factor of 48 and q.
48
Suppose -3*q + c - 30 = 0, 0 = -q - 3*c + 8*c - 10. Let l be (15/q)/(6/8). Let j be 1*(l + 0 + 15). Calculate the greatest common divisor of j and 13.
13
Let o = 12 + -13. Let g be o/(-2) - 612/(-24). What is the greatest common divisor of 39 and g?
13
Let x(l) = -4*l + 3. Let j be x(3). Let t = j + 12. Let q be 4/(-6) + 14/t. What is the greatest common factor of q and 4?
4
Let x(a) = -26*a**3 + 2*a**2 - 1. Let m be x(-1). What is the highest common divisor of 18 and m?
9
Suppose f + 6 = x, -x - 3*f + 2 = -2*x. Calculate the highest common divisor of x and 70.
10
Suppose 0 = 5*g - 5*i - 750, -5*i = -4*g + 59 + 541. Let x = 30 + -15. What is the highest common divisor of x and g?
15
Let i(g) = 3*g - 3. Let r be i(11). Calculate the highest common divisor of r and 75.
15
Suppose 0 = 2*v + 5*u + 7, -2*u - 4 = 2. Suppose r - 1 = -v. Let o(k) = k**2 - 3*k + 1. Let l be o(r). What is the highest common divisor of l and 19?
19
Let w(s) = 7*s. Let i be w(-4). Let m be (-10)/(-14) + (-8)/i. Calculate the highest common divisor of 2 and m.
1
Let f(x) = -x**2 - 4*x + 6. Let m be f(11). Let t = 384 + m. Calculate the highest common factor of 25 and t.
25
Suppose -4 + 80 = 4*q. Suppose -4*x + 4*y = -92, -3*y + 6 - 18 = 0. Calculate the highest common factor of q and x.
19
Suppose -4*g - 2*c - c + 85 = 0, -g - c + 21 = 0. Let r = 3 - 1. Calculate the greatest common divisor of g and r.
2
Suppose 0 = 2*i + 25 - 1. Let k be (6/2 + i)*-1. Suppose -4*g + 3*x = -13, -5*g - 12 + 32 = -5*x. Calculate the highest common factor of g and k.
1
Let r = 28 + -8. Calculate the highest common factor of r and 10.
10
Let z = 15 + 13. Calculate the highest common factor of 4 and z.
4
Let b = -55 + 69. Calculate the greatest common divisor of 63 and b.
7
Suppose -3*t + 702 = 78. Let a = -76 + t. What is the highest common factor of a and 12?
12
Suppose -112 - 392 = -7*w. What is the highest common divisor of w and 8?
8
Let t(b) = -b - 6. Let v be t(-8). Let h(r) = -6*r - 2*r**2 + 2*r**v + r**2. Let o be h(8). What is the greatest common factor of 4 and o?
4
Let x be 298/(-2) - (0 - 1). Let a = x - -368. Let f be 2/(-7) - 142/(-7). What is the highest common factor of f and a?
20
Let b be -9 + (-2 + 5)/(-3). Let j = 15 + b. Suppose -j*r + 45 = -3*k, k + 9 = r - 0*k. Calculate the greatest common divisor of r and 3.
3
Let k be ((-7)/(-3))/(20/(-36))*-5. What is the greatest common factor of k and 231?
21
Suppose 3*v + a = 2, 3*a = -7*v + 3*v - 4. Suppose -39 = -v*q + 3*q. Let x be (-2)/((-4)/(-2))*q. Calculate the greatest common factor of x and 26.
13
Suppose 2*k = -k + 15. Suppose -5*b = k - 0. Let w be (-6 - -8)/(b/(-5)). What is the greatest common divisor of w and 15?
5
Let p = 70 + -45. What is the highest common divisor of p and 125?
25
Let k be (4 + 624/(-18))/(2/(-6)). Calculate the greatest common divisor of 23 and k.
23
Let y(c) be the third derivative of -c**4/8 - c**3/6 + c**2. Let o be y(3). Let q be 85/2 + 5/o. Calculate the greatest common divisor of 28 and q.
14
Suppose -7*v - 102 + 270 = 0. Suppose b + 0*b = -16. Let a be 25/4 + 4/b. Calculate the highest common factor of a and v.
6
Suppose -12 - 60 = -4*c. Let b(t) = -t**3 - 14*t**2 - 4*t - 11. Let p be b(-14). What is the highest common divisor of c and p?
9
Suppose -14*c + 19*c = 20. Let v = 0 + 32. Calculate the greatest common factor of v and c.
4
Suppose c = -0*c + 1, 0 = -4*l + 2*c - 22. Let b = -9 - l. Let r be 10*((-14)/b + 2). Calculate the greatest common divisor of r and 22.
11
Let y be (2/(-8))/((-2)/16). Suppose d + x + 2 = -6, -y*d - 17 = x. Let l be (42/d)/(3/(-9)). What is the greatest common factor of 14 and l?
14
Suppose 0 = 2*a + 4*f - 148, -3*a - 2*f + 93 = -133. What is the greatest common divisor of 114 and a?
38
Let a(c) = -6*c**3 - c + 3. Let s be a(-3). What is the greatest common divisor of s and 24?
24
Let c(d) = 3*d**2 + 5*d. Let q be c(-4). Suppose b + 5*b - 420 = 0. Calculate the greatest common divisor of q and b.
14
Let n be (5/3)/((-2)/(-24)). Let r = 41 - n. What is the highest common divisor of 7 and r?
7
Suppose -5*p + 65 = m + m, 2*p + 2*m - 26 = 0. Calculate the greatest common divisor of 143 and p.
13
Let d be -3 - (-5 - -3 - 1). Suppose b - 42 - 21 = d. Calculate the highest common divisor of b and 7.
7
Suppose p - 2*h = 19 + 11, 4*p - 129 = -h. Let j = 70 + -66. Calculate the greatest common factor of p and j.
4
Let t(k) = 8*k - 10. Let n be t(4). Let z = -211 - -453. Calculate the greatest common factor of n and z.
22
Let s(h) = -6*h - 1. Let m be s(-1). Let u be 3/2 + (-25)/(-2). Let x be (-2298)/(-42) - (-4)/u. Calculate the highest common divisor of m and x.
5
Suppose 0 = 2*g - 318 + 108. What is the greatest common factor of 15 and g?
15
Let o be (1/2)/(2/20). Suppose c = y + 4*y + 15, -c - 2*y + 43 = 0. Suppose g = 2*g - c. Calculate the highest common factor of g and o.
5
Suppose 9*m - 6*m = 435. Calculate the greatest common factor of m and 58.
29
Let k = 72 + -48. Suppose 6*a = 4*a + k. What is the highest common divisor of a and 8?
4
Suppose -4*p + 1 - 8 = -5*h, -h = -p - 1. Suppose d - 372 = -d. Suppose -p*b + d = -34. Calculate the highest common divisor of 11 and b.
11
Let t = 412 + -387. Let y = 13 - 8. Calculate the greatest common factor of y and t.
5
Let r(a) = 8*a**2 + 3 + 3 - a + a**3 - a**2. Let i be r(-7). Let v(x) = -x**3 + x**2 - 2*x - 3. Let u be v(-2). Calculate the highest common factor of i and u.
13
Suppose -3 = h - 5. Let i = -47 - -52. What is the highest common factor of i and h?
1
Suppose -5*i + 5*c = -0*i - 185, 5*c = 4*i - 152. What is the greatest common factor of i and 22?
11
Let m(c) = c**2 - 7*c. Suppose -f = -2 + 7. Let b be m(f). Let w be 2*1/(1/12). What is the highest common divisor of w and b?
12
Let v(b) = -2*b**3 - 7*b**2 + b - 4. Let o = -5 + 17. Suppose o = -4*x - 8. Let w be v(x). What is the highest common divisor of w and 6?
6
Suppose -4*r + 48 = 4. Let v be (0 - 1)*(1 - -5). Let a = v - -28. What is the highest common divisor of a and r?
11
Suppose -4*s - 3*t = -t + 2, -3*s + 5*t + 31 = 0. Calculate the highest common factor of 22 and s.
2
Suppose 0*o - o + l + 6 = 0, 5*o = -4*l + 39. Calculate the greatest common factor of o and 119.
7
Suppose -3*q + 10 = -q. Suppose 0 = -3*r - k + 3, -2*r + q*k + 6 = -13. Let s(x) = 5*x**2 + x. Let m be s(r). Calculate the highest common factor of m and 2.
2
Let a be 2 + 15 - (-6)/(-2). What is the greatest common divisor of a and 7?
7
Let t = 28 - 18. Suppose -2*q + q = -5. What is the highest common factor of q and t?
5
Suppose 12 = 2*z - 8. What is the greatest common factor of 20 and z?
10
Let o be 126/(-35)*(-15)/6. Let d be 1116/15 - o/(-15). What is the highest common divisor of d and 15?
15
Suppose 3*f = 2*h - 20, 0 = -f - 3*f + 5*h - 36. Let c be (-1)/2*(-128)/f. Let q = 49 + c. What is the greatest common factor of q and 22?
11
Suppose -5*p + 12 = -2*p. Let f = -83 + 128. Let v = -17 + f. Calculate the highest common divisor of v and p.
4
Let b(s) = -s**3 - 4*s**2 + s + 4. Let n be b(-5). Let v be 4/(-14) + 32/14. Let d be (-38)/(-6) + v/(-6). What is the greatest common divisor of d and n?
6
Let p be 5 - 1 - (3 + -95). Calculate the greatest common factor of 12 and p.
12
Suppose 0 = -3*x + 35 + 13. Calculate the highest common divisor of x and 48.
16
Suppose -2*m = 8 - 26. Calculate the greatest common divisor of 12 and m.
3
Let n = -14 + 20. Suppose 161*f - 18 = 158*f. Calculate the greatest common divisor of f and n.
6
Let t(x) = 3*x - 17*x + 8*x - 3 - 6*x**2 + x**3. Let u be t(8). What is the greatest common factor of 7 and u?
7
Let t be ((-20)/(-25))/(12/210). What is the greatest common factor of t and 14?
14
Suppose -3*j = -3*z - 411, 3*j - 4*z - 128 = 287. Calculate the greatest common factor of 19 and j.
19
Let q(m) = -m**3 - m**2 + m - 1. Let r be q(-3). Suppose 0 = f + 2*f - 462. What is the highest common divisor of r and f?
14
Suppose 4*q - 2*q = 16. Let n = -44 + 18. Let h be n/(-8) + (-2)/q. 